{"id":129,"date":"2024-10-17T13:10:26","date_gmt":"2024-10-17T11:10:26","guid":{"rendered":"http:\/\/demo.hashthemes.com\/square\/?page_id=129"},"modified":"2024-11-26T09:27:58","modified_gmt":"2024-11-26T08:27:58","slug":"szkola-podstawowa-gorki","status":"publish","type":"page","link":"https:\/\/zeas-brzozow.pl\/?page_id=129","title":{"rendered":"Szko\u0142a Podstawowa im. Wincentego Witosa w G\u00f3rkach"},"content":{"rendered":"\n<p>Szko\u0142a Podstawowa im. Wincentego Witosa w G\u00f3rkach<br>G\u00f3rki 78 A<br>36-200 Brzoz\u00f3w<br>tel. 13 4345614<br><a href=\"http:\/\/spgorki.pl\/\" target=\"_blank\" rel=\"noreferrer noopener\">www.spgorki.pl<\/a><br><a href=\"mailto:szkola@spgorki.pl\">szkola@spgorki.pl<\/a><\/p>\n\n\n\n<p>Dyrektor: <strong>Karol Stankiewicz<\/strong><\/p>\n\n\n\n<iframe src=\"https:\/\/www.google.com\/maps\/embed?pb=!1m18!1m12!1m3!1d2583.4797898140982!2d22.039923477079025!3d49.645258445010825!2m3!1f0!2f0!3f0!3m2!1i1024!2i768!4f13.1!3m3!1m2!1s0x473c69f2293ed2c9%3A0x36fdf76a47f5499b!2zR8OzcmtpIDc4LCAzNi0yMDAgR8OzcmtpLCBQb2xza2E!5e0!3m2!1spl!2sus!4v1729597361091!5m2!1spl!2sus\" width=\"600\" height=\"450\" style=\"border:1px solid black; border-radius:10px;\" allowfullscreen=\"\" loading=\"lazy\" referrerpolicy=\"no-referrer-when-downgrade\"><\/iframe>\n","protected":false},"excerpt":{"rendered":"<p>Szko\u0142a Podstawowa im. Wincentego Witosa w G\u00f3rkachG\u00f3rki 78 A36-200 Brzoz\u00f3wtel. 13 4345614www.spgorki.plszkola@spgorki.pl Dyrektor: Karol Stankiewicz<\/p>\n","protected":false},"author":1,"featured_media":0,"parent":0,"menu_order":0,"comment_status":"closed","ping_status":"closed","template":"","meta":{"footnotes":""},"class_list":["post-129","page","type-page","status-publish","hentry"],"_links":{"self":[{"href":"https:\/\/zeas-brzozow.pl\/index.php?rest_route=\/wp\/v2\/pages\/129","targetHints":{"allow":["GET"]}}],"collection":[{"href":"https:\/\/zeas-brzozow.pl\/index.php?rest_route=\/wp\/v2\/pages"}],"about":[{"href":"https:\/\/zeas-brzozow.pl\/index.php?rest_route=\/wp\/v2\/types\/page"}],"author":[{"embeddable":true,"href":"https:\/\/zeas-brzozow.pl\/index.php?rest_route=\/wp\/v2\/users\/1"}],"replies":[{"embeddable":true,"href":"https:\/\/zeas-brzozow.pl\/index.php?rest_route=%2Fwp%2Fv2%2Fcomments&post=129"}],"version-history":[{"count":1,"href":"https:\/\/zeas-brzozow.pl\/index.php?rest_route=\/wp\/v2\/pages\/129\/revisions"}],"predecessor-version":[{"id":1113,"href":"https:\/\/zeas-brzozow.pl\/index.php?rest_route=\/wp\/v2\/pages\/129\/revisions\/1113"}],"wp:attachment":[{"href":"https:\/\/zeas-brzozow.pl\/index.php?rest_route=%2Fwp%2Fv2%2Fmedia&parent=129"}],"curies":[{"name":"wp","href":"https:\/\/api.w.org\/{rel}","templated":true}]}}